are the prime factors of 54/g - (-2)/5?
2
Let m(v) be the second derivative of 3*v**5/20 - v**4/6 - v**3/6 - v**2 - v. List the prime factors of m(2).
2, 3
Let t(q) = 7 - q - 4 - 4. Let v be t(-3). Suppose 3*j = -v*j + 55. What are the prime factors of j?
11
Suppose u - 6 = -0*u. Suppose 0 = j - u*j + 50. What are the prime factors of j?
2, 5
Suppose 2*p - c = 34 + 21, 3*c = 15. Let b = p + -6. What are the prime factors of b?
2, 3
Let o = -21 + 40. Let d = 26 + o. What are the prime factors of d?
3, 5
Let m(b) = -3*b - 7. Let v be m(-3). List the prime factors of ((-25)/(-5))/(2/v).
5
Let c = 160 - 64. List the prime factors of c.
2, 3
Let f(w) = -w**3 - 3*w**2 + 12*w - 4. Let g(i) = 4*i**3 + 11*i**2 - 49*i + 17. Let h(v) = 9*f(v) + 2*g(v). What are the prime factors of h(-7)?
2, 13
Let m(t) = -t**3 - t**2 + t - 3. Suppose -w + 0*w = -3*b, 0 = 3*w - b + 8. What are the prime factors of m(w)?
2, 3
List the prime factors of (5/(-2) - -2)*-94.
47
Suppose 2*p - 34 = -0*p. What are the prime factors of p?
17
Let q(j) = j**3 - 4*j**2 - 8*j - 3. List the prime factors of q(6).
3, 7
Suppose -l + 4*c = 2*l - 260, -4*l + 3*c = -335. Suppose 5*p + 5*m = l, -3*m + 11 = p - 1. Suppose -4*o + 22 = -p. List the prime factors of o.
2, 5
Let g(i) = -10*i + 1. Let x(n) = -9*n + 1. Let y(z) = 6*g(z) - 5*x(z). What are the prime factors of y(-1)?
2
What are the prime factors of 12*(-5)/(20/(-9))?
3
Let u(s) be the first derivative of s**2/2 - s - 7. Let b be 29/4 + (-1)/4. What are the prime factors of u(b)?
2, 3
Let q = -2 + 6. Suppose -18 = z - q*z. Suppose 3*y - z - 15 = 0. What are the prime factors of y?
7
Suppose 82 = m + m. List the prime factors of m.
41
Suppose 9*s - 4*s - 5*i - 15 = 0, -2*s + 5*i = -9. Suppose s*o = -o + 57. What are the prime factors of o?
19
Suppose -g + 12 = o, -27 = 2*o - 3*o + 4*g. What are the prime factors of o?
3, 5
Let j(m) = 3*m**2 + 4*m + 2. Let x(c) = c**2. Let t(l) = -j(l) + 4*x(l). Let b be t(4). What are the prime factors of (0 - -3)/3 - b?
3
Let o(c) = c + 15. Suppose 2*s - 6 - 6 = -3*i, 0 = 5*s - i + 4. Let g be o(s). Suppose -5*r + g = -10. List the prime factors of r.
5
Suppose 2*q + 3 = 6*q + 5*h, q + 5*h = -3. Suppose -q*i - 36 = -5*t, 5*t + 0*t - 38 = i. What are the prime factors of t?
2
Let r = 21 - 17. Let f(z) = z**3 - 2*z**2 + z + 6. List the prime factors of f(r).
2, 3, 7
Let l be 38/6*(0 + -3). Let v = l - -39. List the prime factors of v.
2, 5
Let l(a) = 6*a**3 + 2*a**2 + 4*a - 20. List the prime factors of l(4).
2, 103
Let w(u) = 6*u + 37. Let s(l) = -3*l - 19. Let a(o) = -5*s(o) - 3*w(o). What are the prime factors of a(-10)?
2, 7
Let c = 522 - 233. List the prime factors of c.
17
List the prime factors of (48/(-9))/(6/(-117)).
2, 13
List the prime factors of 5790/85 + (-4)/34.
2, 17
Let z = 151 + -85. Let t be 2/(-4*(-3)/z). Suppose 2*c - k - 7 = 0, 5*k = 4*c - t - 12. What are the prime factors of c?
2
List the prime factors of (-10)/(-3)*(-63)/(-5).
2, 3, 7
Suppose 4*u - 3*t - 192 = 0, 5*t - 40 = 5*u - 285. List the prime factors of 333/u - (-2)/(-5).
7
Let f(h) be the third derivative of h**5/20 + 5*h**4/24 + h**3/2 + 2*h**2. What are the prime factors of f(-3)?
3, 5
Let f(l) = -l**3 - 12*l**2 + 10*l - 20. What are the prime factors of f(-13)?
19
Suppose c = 4*q - 8, 0*q + 5 = 3*q - c. Suppose q*k - 87 - 45 = 0. What are the prime factors of k?
2, 11
Let w = -55 - -275. List the prime factors of w.
2, 5, 11
Suppose 3*b = 5*u - b - 12, 2*b - 16 = -3*u. Suppose 54 - 18 = u*g. What are the prime factors of g?
3
Suppose -3*v - 2*v = -10. Suppose v*j - j + 129 = 5*t, -2*t = -j - 51. What are the prime factors of t?
2, 13
Suppose 4*x - k = 2*k, -3*x = -3*k + 3. Suppose 5*p + x*g + g = 98, -51 = -3*p - 5*g. Suppose -b = b - p. List the prime factors of b.
11
Let t(w) = -w**3 - w**2 - 5. Let y be 4/22 - (-105)/(-33). List the prime factors of t(y).
13
List the prime factors of 27*(8 + -2)/3.
2, 3
Suppose -d - 25 = -6*d. Suppose 4*b - 4 = -d*a, 4 - 12 = 2*b. Suppose 0 = -a*j - 20, -4*k + 15 = -3*j - 16. What are the prime factors of k?
2
Let r(b) = b**2 + 5. Let s be r(0). Suppose 5*m = 15, -s*m + 24 = n + 2*n. List the prime factors of n.
3
Let z(q) = q**2 + 5*q + 2. Let g be 7/(-2 + (2 - 1)). List the prime factors of z(g).
2
Let d be (-4)/(-16) + 45/12. Suppose -3*m + 2*i + 4 = 0, -d*m = -9*m - 4*i + 14. What are the prime factors of 24/m*12/9?
2
Let u(k) be the third derivative of -k**6/120 - k**5/60 - k**4/12 - k**3/2 + 6*k**2. What are the prime factors of u(-2)?
5
Let p(r) = 8*r**2 - 13*r + 3. What are the prime factors of p(2)?
3
What are the prime factors of ((-63)/(-14))/(3/54 + 0)?
3
Let c(a) = 4*a + 12. Let f be c(5). Suppose k + k = f. What are the prime factors of k?
2
Suppose 5*s + 3*x + 15 = 0, s + 3 = -0*s + 2*x. Suppose y + 4*l + 48 = 4*y, 0 = -4*y + 4*l + 60. Let r = y + s. List the prime factors of r.
3
What are the prime factors of (-651)/(-91) + (-4)/26?
7
Let z(i) = i**3 + 8*i**2 + 2. Suppose -j = -0*j. Suppose j = p + 4 + 4. What are the prime factors of z(p)?
2
List the prime factors of 1835/25 + 3/5.
2, 37
Let k = -36 + 60. List the prime factors of k.
2, 3
Let a be -3 - ((-16)/(-2) + -4). Suppose 5*w - 10 = 4*w. Let p = w + a. List the prime factors of p.
3
Let y(w) = 3*w - 6. Let t be y(6). Suppose -2*v = -3*h - 9, -6*v + 3*v + t = -3*h. List the prime factors of (h + (2 - -4))*2.
2, 5
Suppose -198 - 192 = -6*c. What are the prime factors of c?
5, 13
Suppose 0*x = -4*x + 8. Suppose -4*v = -x*v - 10. Let c(u) = 3*u - 2. List the prime factors of c(v).
13
Suppose 41 - 13 = 2*a. Let z = 35 - a. What are the prime factors of z?
3, 7
Let z(w) = -74*w**3 - 2*w - 1. Let p be z(-1). Suppose m + t - 13 = -t, -3*t - p = -3*m. Let s = m + -13. What are the prime factors of s?
2
Suppose -123 = -4*h + h. List the prime factors of h.
41
Let z = 68 - 18. Suppose 2*m - v - 93 - 2 = 0, -m + v + z = 0. What are the prime factors of m?
3, 5
Let w(a) be the second derivative of -a**5/20 - a**4/3 + a**3/3 - a**2/2 + 2*a. Let c be w(-4). Let o = c - -21. What are the prime factors of o?
2, 3
Let r = -3 + 5. Let a = 4 - r. List the prime factors of a.
2
What are the prime factors of 7/((-42)/(-8))*12?
2
Let m = 6 - 3. Let x(o) = 3*o + 2. Let y be x(m). Suppose h + 5*r = y, -r = 3*r - 4. What are the prime factors of h?
2, 3
Suppose -6 = -f - 3. Suppose -r + f + 3 = 0. Suppose 0 = -2*d - 3*d + 2*v + 14, -r = -2*v. List the prime factors of d.
2
Let k(i) = i**3 + 6*i**2 - 9*i - 9. Let c be k(-7). What are the prime factors of 53/c - 8/(-20)?
11
List the prime factors of 59 + (0/4 - 3).
2, 7
Let o(l) = 10 + 0 - 3 + 8*l + l**3 + 9*l**2 + 2. List the prime factors of o(-8).
3
Let v = -330 - -523. What are the prime factors of v?
193
Let q(a) = -a**3 + 8*a**2 - 6*a - 5. Let p be q(7). Suppose 0 = -p*j - 44. Let t = -15 - j. What are the prime factors of t?
7
Let x(q) = 33*q**2 + 6*q + 2. List the prime factors of x(3).
317
Let u = 12 - 10. Suppose 0 = -o + u*o - 25. What are the prime factors of o?
5
Let o(x) be the second derivative of -11*x**3/6 - 3*x**2/2 + 4*x. What are the prime factors of o(-2)?
19
Suppose 5*c - 65 - 85 = 0. List the prime factors of 500/c + (-1)/(-3).
17
Let q be 3/(1/(-2)*3). Let g(i) = i**3 + 2*i**2 - i + 1. What are the prime factors of g(q)?
3
Let r be 5 - 16/4 - -1. Suppose 0*y - 72 = -r*y. List the prime factors of y.
2, 3
Let p be -4 + (2 - -3) - -35. Suppose 4*u - p = u. List the prime factors of u.
2, 3
Suppose 4 = k - 0*k. Suppose -g + 6 = -k. What are the prime factors of g?
2, 5
Suppose l - z = 4*l - 13, 4*z + 13 = l. What are the prime factors of l?
5
Let g be 4/(-14) + 132/21. Let x be (-10)/3*(-9)/g. Suppose -25 = -x*k, 2*u = -5*k + 6 + 41. What are the prime factors of u?
11
Let i be 5 + (3 + -2 - 4). Let p be ((-2)/4 + 3)*i. Suppose -44 = -4*k - 4*m, -p*m - 85 + 12 = -3*k. List the prime factors of k.
2
Let a(w) = 3*w + 11. Let t(c) = -5*c**3 + c**2. Let q be t(-1). What are the prime factors of a(q)?
29
Let y = -50 - -93. List the prime factors of y.
43
Suppose 0 = -5*q + 14 + 6. Suppose -3*b = b - q. List the prime factors of (-3 + b)*(-7)/2.
7
Suppose -5*v + 11 = -4*i + 1, -8 = -4*i - 4*v. Suppose i = m - 0 - 5. List the prime factors of m.
5
Let a = 31 - 15. Su